(-189)). Let h(c) = c**3 + 13*c**2 + 40*c - 22. Calculate h(g).
-8
Let q(a) = -323*a + 338*a - 10*a**2 + 0 - 7*a**3 + 11. Let x(g) = 4*g**3 + 5*g**2 - 8*g - 5. Let w(r) = 3*q(r) + 5*x(r). Give w(-6).
14
Let p(c) = -12*c**2 - 3*c + 3. Let k be (-40)/(-16)*64/160. Give p(k).
-12
Let p(g) = 9*g**2 + 2*g - 2. Suppose 0 = -4*n + 5*z - 21, -4*n + 769*z - 771*z = -14. Give p(n).
9
Suppose 5*a - 2 = 6*a + 3*p, 0 = 2*a + 2*p. Let r(g) = 23*g - 5. Calculate r(a).
18
Let k(m) be the second derivative of m**4/12 + 7*m**3/2 + 103*m**2/2 + 9*m - 125. Determine k(-8).
-1
Suppose -32 = 16*q - 8*q. Let t(w) = -4*w + 53 - 5*w - 2*w - 50 - w**2 + 8*w. Calculate t(q).
-1
Suppose 0 = -4*b - z - 25, -15 = -3*b - 2*b + 8*z. Let k(g) = g + 4. What is k(b)?
-1
Let o(a) = 2*a**2 - 45*a - 151. Let n(z) = 1444*z + 2885. Let l be n(-2). Determine o(l).
2
Let z be 21/6*24/(-42). Let l(f) be the third derivative of -2*f**5/15 - f**3/3 - 111*f**2. What is l(z)?
-34
Let v(u) = 34*u + 18. Let q(f) = -2*f**3 - 11*f**2 - 13*f + 6. Let h be q(-3). Determine v(h).
18
Let t be (-20 - (-40)/4) + 2*2. Let d(w) = w**3 + 8*w**2 + 5*w - 40. Calculate d(t).
2
Let c(v) = 8*v**3 + 32*v**2 - 2*v - 33. Let p(s) = 3*s**3 + 16*s**2 - s - 17. Let n(l) = 2*c(l) - 5*p(l). Calculate n(16).
35
Let p(c) = c**3 - 3*c**2 + c + 1. Suppose 72 = -6*x - 18*x. Let u be (3 - x)/(0 - 10/(-5)). What is p(u)?
4
Let u be 16830/462 + 4/7. Let y(g) = 78 + g**2 - u + 10*g - 35. What is y(-10)?
6
Let v(g) = -3*g**3 + 22*g**2 - 13*g - 5. Suppose 274*s - 270*s - 20 = -2*c, -3*c - s = -20. What is v(c)?
61
Let m = 21308 - 21306. Let n(u) be the third derivative of 0 + 1/6*u**3 - 1/12*u**4 - 25*u**m + 1/60*u**5 + 0*u. Determine n(-2).
9
Let d(h) = -7*h + 17. Let y(z) = 8*z - 20. Let r(x) = -4*d(x) - 3*y(x). Give r(2).
0
Let s(o) = o**3 + 4*o**2 + 3*o. Let n = -20 + 35. Let v = -18 + n. Let c be s(v). Let r(k) = k**3 - 16. What is r(c)?
-16
Let v = 268 - 159. Let d(w) = -105 - w**3 + v + w**2 + 4*w**2. What is d(5)?
4
Let f(q) = -3650*q - 23*q**2 - q**3 + 7312*q - 3637*q + 10. Determine f(-24).
-14
Let b(c) be the third derivative of c**5/60 + c**4/4 + c**3/6 + c**2. Let t be (6 + 45/(-12))/(3/48). Suppose 286*s = 280*s - t. Determine b(s).
1
Let z(a) = 19 - 2 + 16 - 3*a + a. Let o be z(12). Let i(l) = -o*l + 8*l + 0 - 1. What is i(6)?
-7
Let d(v) = -25*v - 6. Let z(q) = -13*q - 3. Let l(b) = 6*d(b) - 11*z(b). Let s be -1*36/126*14. Determine l(s).
25
Let j(w) = -48 - w + w**2 - 147 - 150 + 347 + 3*w**3. What is j(2)?
28
Suppose -w - 514 = -500. Let a(o) = -13*o - 1. Let q(t) = 44*t + 3. Let k(u) = w*a(u) - 4*q(u). What is k(-4)?
-22
Let h(y) = -y + 17. Let k(n) = 5*n**3 - 31*n**2 - 18*n - 55. Let m be k(7). Give h(m).
2
Let n(w) be the first derivative of 2 + w**2 - 1/4*w**4 + 4*w - 2*w**3. Let r be (3/6)/(30/(-360)). Calculate n(r).
-8
Let v(i) = 6 - 1 + 5 + i**2 - 4 - 1 + 2*i. Suppose -4*f = -4*k + 8, -f + 4*k + 10 - 3 = 0. Give v(f).
20
Let t(o) = 33*o**2 + 4*o - 2. Let k(c) = -16*c**2 - 2*c + 1. Let i(m) = -9*k(m) - 4*t(m). Suppose 17 = 20*b - 3*b. Determine i(b).
13
Let i(k) = 11 + 9 + 8 + 28 - 9*k - 42. Give i(7).
-49
Let g(y) be the first derivative of -y**5/60 + y**4/24 + y**3/6 + 36*y**2 - 97. Let c(o) be the second derivative of g(o). Give c(-2).
-5
Let m = -3624 + 3632. Let g be 1 - 3 - (-2)/1. Let x(b) = 3 + g*b**2 + 1 + 7*b - b**2. Calculate x(m).
-4
Let g(c) = 16*c**3 + 3*c**2 + 17*c - 5. Let j(l) = -46*l**3 - 8*l**2 - 48*l + 14. Let u(h) = -20*g(h) - 7*j(h). Calculate u(3).
8
Let a(t) = 2*t + 1. Suppose 0 = -7*z + 6*z + p + 419, -5*p = -4*z + 1680. Suppose -168*j = -173*j - z. Let d = j - -84. Calculate a(d).
3
Suppose 468*x = 440*x + 140. Let v(z) = -11*z + 18. Calculate v(x).
-37
Let k(n) = -2*n - n + 11 + 15*n - 4*n. Calculate k(-4).
-21
Let y(v) = v**2 + 10*v + 4. Suppose -146 = 5*o + 184. Let n = o + 70. Suppose n*r + 6 = -14. Give y(r).
-21
Suppose 114*g - 113*g = 59. Let b(n) = 61 - 3*n - g + 3*n + n. Determine b(0).
2
Let u(f) be the second derivative of 0 + 6*f**2 + 1/60*f**5 - 8*f + 7/24*f**4 + f**3. Let r(q) be the first derivative of u(q). Determine r(-5).
-4
Let r(f) = f + 62. Suppose -4*h - 2*v - 298 = -362, 0 = 2*h + 3*v - 48. Determine r(h).
74
Let z(c) = -c**2 + 6*c + 3. Let v = -488 - -209. Let n be v/(-27) + (-5)/(-3). Let o be (-4 - (-44)/n)/(1/(-21)). Determine z(o).
-4
Let b(t) = 6*t**2 + 4*t + 3. Let p be b(-1). Suppose 18 = -p*d + 8. Let o(w) = 7*w + 1. Let i(q) = -13*q - 2. Let k(j) = 6*i(j) + 11*o(j). Determine k(d).
1
Let t(q) = -46*q**3 - 4*q**2 + 4*q + 3. Let x(g) = g**3 + g**2 - g - 1. Let n(j) = t(j) + 4*x(j). Suppose -15 = 8*w - 7. Calculate n(w).
41
Let w(o) = -o**2 + 5*o - 3. Let i be -1 - ((36 - -5) + -4). Let k be -4 - (3/(-2) + 3629/i). Let b = 98 - k. Give w(b).
-3
Let x(t) = t**2 - 6. Let l(b) = 2*b**2 - b - 12. Let m(r) = -3*l(r) + 5*x(r). Let k = -3018 + 3024. What is m(k)?
-12
Let j(g) = 9*g - 2*g + g**2 + g. Let z be (-84)/(-6) - (-5 - (0 + -3)). Suppose -3*h + 3*l = 27, -2*h - 2*l = z - 6. Calculate j(h).
-7
Let t(f) be the third derivative of f**4/8 - 4*f**3 - 6082*f**2. What is t(3)?
-15
Let o(w) = -w**2 - 82*w - 518. Let n be o(-75). Let h(b) = b**2 - 8*b. Calculate h(n).
-7
Let q(i) = -18*i + 1. Let v be 160/(-40) + (-779)/1. Let s = 781 + v. Give q(s).
37
Let q(d) = -d**3 - 3*d**2 + 3*d + 1. Let y be q(-4). Suppose -y*g + 16 - 50 = 3*u, 2 = -g - 3*u. Let x(n) = -n**3 - 7*n**2 + 9*n + 6. What is x(g)?
-2
Let b(j) = -j**3 - 3*j**2 + 8*j + 6. Let p(r) = -191*r + 186. Let k be p(1). Determine b(k).
16
Suppose -5*c - 13 = -2*l, 2*l = -c - 15 + 34. Suppose 3*m + 5*p = -28, l*p = -5*m + 6*p - 20. Let o(q) = 3*q**2 + 2*q + 2. Determine o(m).
3
Let f(a) be the third derivative of 3*a**8/2240 - a**6/720 + a**5/120 - a**4/12 + 131*a**3/6 - a**2 + 2. Let q(s) be the second derivative of f(s). Give q(1).
9
Let p(w) = -w**3 + 7*w - 4. Suppose -74*f = -75*f + 3. Calculate p(f).
-10
Let u = 3376 - 3373. Let h(m) = 409 - 207 - 205 + 2*m. Determine h(u).
3
Let x(f) be the first derivative of -f**5/20 - 3*f**4/4 + 2*f**3 + 21*f**2/2 - 55*f - 30. Let u(o) be the first derivative of x(o). What is u(-10)?
1
Let r(t) be the second derivative of -22*t**3/3 - 2*t**2 - 2*t + 232. What is r(1)?
-48
Let f(n) = -5*n**2 - n - 3. Let a(m) = 5*m**2 + 2*m + 2. Let p(k) = 2*a(k) + 3*f(k). Let j(r) = -r**2 + 2*r - 2. Let z(t) = 4*j(t) - p(t). Calculate z(-8).
5
Let v = -202 - -477. Let y = v + -266. Let d(b) = -b**2 + 8*b + 2. Calculate d(y).
-7
Suppose -n - 16 = 78*y - 75*y, 6 = 3*n. Let q(u) = -u**3 - 6*u**2 + 7*u - 6. Give q(y).
-48
Let x(y) = 836*y + 24*y**2 - 12 + y**3 - 2*y**3 - 9 - 857*y. Give x(23).
25
Let u(q) = 101*q + 93. Let f(t) = -38*t - 31. Let r(n) = -8*f(n) - 3*u(n). Determine r(9).
-22
Let o(k) = 5*k + 25. Suppose 4*f - 26 = 4*i + f, -5*f = -3*i - 25. Determine o(i).
0
Let n(m) = m**2 - 7*m + 3. Let h = 263 + -189. Let d = h + -69. Give n(d).
-7
Let j(n) = n**3 + n**2 - 4*n - 11. Let a(r) = -r. Let i(m) = 3*a(m) - j(m). Suppose 8 = 2*t - t - z, 0 = 4*t - 2*z - 36. Suppose 0 = -t*k - k. Determine i(k).
11
Let p(a) = 3*a**2 - 3. Let z be ((-12)/(-2))/2*-43. Let t = z + 221. Let d = 89 - t. Determine p(d).
24
Let c(i) = -80*i + 2 - 5 - 32*i + 2 + 17*i. Give c(1).
-96
Let l(q) be the third derivative of q**5/60 + q**4/8 + 2*q**3/3 - 59*q**2 - 3. Let a be ((-84)/9 - (-3)/9) + 3. Determine l(a).
22
Let q(y) be the second derivative of -25*y**4/6 + y**3/6 + 874*y - 1. What is q(-1)?
-51
Let d(o) = -o + 0 + 2*o - 5 + 2*o. Let j(t) = t**3 - 10*t**2 + 8*t + 13. Suppose 0 = 5*c + 4 - 49. Let b be j(c). Give d(b).
7
Let j be ((-1281)/(-244))/(1 - (-13)/(-16)). Suppose 4 = 12*x + j. Let f(o) = -o**3 - 3*o**2 - 2*o - 3. Calculate f(x).
-3
Let x(f) be the first derivative of -f**4/4 + 8*f**3/3 + 13*f**2/2 - 14*f + 8148. Calculate x(9).
22
Let g(v) be the third derivative of -v**6/60 - 3*v**5/4 - 13*v**4/12 - 29*v**3/2 - 15*v**2 + v. Let y be g(-22). Let c(h) = -3*h + 5. Determine c(y).
2
Let h(c) = 2*c**2 - 74*c - 1. Let m(w) = 6*w**2 - 222*w - 3. Let k(d) = 8*h(d) - 3*m(d). Let u be k(37). Let v(x) = 39*x**3 + 1. Calculate v(u).
40
Let s(c) = -c**3 + 5*c**2 - 2*c + 12. Let l be 18/2 + -1 + 12/(-4). Let u be s(l). Let q(y) = -14*y + 14*y - u*y. What is q(-5)?
10
Let s(y) = -4*y + 54